{"id":49,"date":"2016-04-29T09:04:27","date_gmt":"2016-04-29T07:04:27","guid":{"rendered":"https:\/\/svg.it-seeker.org\/?page_id=49"},"modified":"2016-06-01T17:10:21","modified_gmt":"2016-06-01T15:10:21","slug":"freunde-des-vereins","status":"publish","type":"page","link":"https:\/\/www.sv-gleidingen.de\/?page_id=49","title":{"rendered":"Freunde des Vereins"},"content":{"rendered":"<div id=\"content-rightmenu\">\n<div class=\"item-page\">\n<div>\n<p><span style=\"font-size: small;\">Auf diesen Seiten m\u00f6chten wir auf spezielle Freundschaften und langj\u00e4hrige Partnerschaften eingehen und diese erkl\u00e4ren. <\/span><\/p>\n<p>Das soll nat\u00fcrlich in keinster Weise unsere freundschaftlichen Beziehungen zu den benachbarten und \u00f6rtlichen Vereinen schm\u00e4lern.<br \/>\nJedoch sind in den letzten Jahren zahlreiche Fragen zu Hintergr\u00fcnden aufgekommen und diese sollen hier beschrieben werden.<\/p>\n<\/div>\n<\/div>\n<\/div>\n<div id=\"rightmenu\"><\/div>\n<div><a href=\"https:\/\/www.sv-gleidingen.de\/?page_id=196\">Langhus Blaeselag<\/a><\/div>\n<div><\/div>\n<div><a href=\"https:\/\/www.sv-gleidingen.de\/?page_id=201\">Fam. du\u00a0Carrois<\/a><\/div>\n","protected":false},"excerpt":{"rendered":"<p>Auf diesen Seiten m\u00f6chten wir auf spezielle Freundschaften und langj\u00e4hrige Partnerschaften eingehen und diese erkl\u00e4ren. Das soll nat\u00fcrlich in keinster Weise unsere freundschaftlichen Beziehungen zu den benachbarten und \u00f6rtlichen Vereinen schm\u00e4lern. Jedoch sind in den letzten Jahren zahlreiche Fragen zu&#8230;<br \/><a class=\"read-more-button\" href=\"https:\/\/www.sv-gleidingen.de\/?page_id=49\">Mehr Lesen<\/a><\/p>\n","protected":false},"author":1,"featured_media":0,"parent":13,"menu_order":0,"comment_status":"closed","ping_status":"closed","template":"","meta":{"footnotes":""},"class_list":["post-49","page","type-page","status-publish","hentry"],"_links":{"self":[{"href":"https:\/\/www.sv-gleidingen.de\/index.php?rest_route=\/wp\/v2\/pages\/49","targetHints":{"allow":["GET"]}}],"collection":[{"href":"https:\/\/www.sv-gleidingen.de\/index.php?rest_route=\/wp\/v2\/pages"}],"about":[{"href":"https:\/\/www.sv-gleidingen.de\/index.php?rest_route=\/wp\/v2\/types\/page"}],"author":[{"embeddable":true,"href":"https:\/\/www.sv-gleidingen.de\/index.php?rest_route=\/wp\/v2\/users\/1"}],"replies":[{"embeddable":true,"href":"https:\/\/www.sv-gleidingen.de\/index.php?rest_route=%2Fwp%2Fv2%2Fcomments&post=49"}],"version-history":[{"count":4,"href":"https:\/\/www.sv-gleidingen.de\/index.php?rest_route=\/wp\/v2\/pages\/49\/revisions"}],"predecessor-version":[{"id":210,"href":"https:\/\/www.sv-gleidingen.de\/index.php?rest_route=\/wp\/v2\/pages\/49\/revisions\/210"}],"up":[{"embeddable":true,"href":"https:\/\/www.sv-gleidingen.de\/index.php?rest_route=\/wp\/v2\/pages\/13"}],"wp:attachment":[{"href":"https:\/\/www.sv-gleidingen.de\/index.php?rest_route=%2Fwp%2Fv2%2Fmedia&parent=49"}],"curies":[{"name":"wp","href":"https:\/\/api.w.org\/{rel}","templated":true}]}}