{"id":45,"date":"2016-04-29T09:04:04","date_gmt":"2016-04-29T07:04:04","guid":{"rendered":"https:\/\/svg.it-seeker.org\/?page_id=45"},"modified":"2025-12-07T14:14:20","modified_gmt":"2025-12-07T13:14:20","slug":"der-vorstand","status":"publish","type":"page","link":"https:\/\/www.sv-gleidingen.de\/?page_id=45","title":{"rendered":"Die Vorst\u00e4nde"},"content":{"rendered":"<p>Hier finden Sie eine Liste unserer Vorst\u00e4nde.<\/p>\n<p>Der aktuelle Vorstand besteht seit Dezember 2025 aus folgenden Mitgliedern:<\/p>\n<p><strong>Gesch\u00e4ftsf\u00fchrende Vorstand (\u00a726 BGB)<\/strong><\/p>\n<ul>\n<li><strong>1. Vorsitzender:<\/strong> Peter Maneke<\/li>\n<li><strong>2. Vorsitzender:<\/strong> Marion Krug<\/li>\n<li><strong>Schriftf\u00fchrer:<\/strong> Thomas K\u00f6niger<\/li>\n<li><strong>Kassierer:<\/strong> Florian Rudolph<\/li>\n<li><strong>Sportleiter:<\/strong> Ingo Jahnke<\/li>\n<\/ul>\n<p><strong>Erweiterte Vorstand<\/strong><\/p>\n<ul>\n<li>Stv. Kassenwart: Benedikt Briegert<\/li>\n<li>Stv.Schriftf\u00fchrerin: Sabrina Hetzke<\/li>\n<li>Festausschuss: Carola Hetzke<\/li>\n<li>Stv. Sportleiter: Mathias Ende<\/li>\n<\/ul>\n\n<table id=\"tablepress-6\" class=\"tablepress tablepress-id-6\">\n<tbody class=\"row-striping row-hover\">\n<tr class=\"row-1\">\n\t<td class=\"column-1\"><strong>seit 12\/2025<\/strong><\/td><td class=\"column-2\"><\/td>\n<\/tr>\n<tr class=\"row-2\">\n\t<td class=\"column-1\">1. Vorsitzender<\/td><td class=\"column-2\">Peter Maneke<\/td>\n<\/tr>\n<tr class=\"row-3\">\n\t<td class=\"column-1\">2. Vorsitzender<\/td><td class=\"column-2\">Marion Krug<\/td>\n<\/tr>\n<tr class=\"row-4\">\n\t<td class=\"column-1\">1. Kassenwart<\/td><td class=\"column-2\">Florian Rudolph<\/td>\n<\/tr>\n<tr class=\"row-5\">\n\t<td class=\"column-1\">1. Sportleiter<\/td><td class=\"column-2\">Ingo Jahnke<\/td>\n<\/tr>\n<tr class=\"row-6\">\n\t<td class=\"column-1\"><strong>2024 - 2025<\/strong><\/td><td class=\"column-2\"><\/td>\n<\/tr>\n<tr class=\"row-7\">\n\t<td class=\"column-1\">1. Vorsitzender<\/td><td class=\"column-2\">Christian Dawideit<\/td>\n<\/tr>\n<tr class=\"row-8\">\n\t<td class=\"column-1\">2. Vorsitzender<\/td><td class=\"column-2\">Sergio Lai<\/td>\n<\/tr>\n<tr class=\"row-9\">\n\t<td class=\"column-1\">Schriftf\u00fchrerin<\/td><td class=\"column-2\">Thomas K\u00f6niger<\/td>\n<\/tr>\n<tr class=\"row-10\">\n\t<td class=\"column-1\">Kassierer<\/td><td class=\"column-2\">Frank Langner<\/td>\n<\/tr>\n<tr class=\"row-11\">\n\t<td class=\"column-1\">Sportleiter<\/td><td class=\"column-2\">Florian Rudolph<\/td>\n<\/tr>\n<tr class=\"row-12\">\n\t<td class=\"column-1\"><strong>2021 - 2024<\/strong><\/td><td class=\"column-2\"><\/td>\n<\/tr>\n<tr class=\"row-13\">\n\t<td class=\"column-1\">1. Vorsitzender<\/td><td class=\"column-2\">Christian Dawideit<\/td>\n<\/tr>\n<tr class=\"row-14\">\n\t<td class=\"column-1\">2. Vorsitzender<\/td><td class=\"column-2\">Sergio Lai<\/td>\n<\/tr>\n<tr class=\"row-15\">\n\t<td class=\"column-1\">Schriftf\u00fchrerin<\/td><td class=\"column-2\">Thomas K\u00f6niger<\/td>\n<\/tr>\n<tr class=\"row-16\">\n\t<td class=\"column-1\">Kassierer<\/td><td class=\"column-2\">Frank Langner<\/td>\n<\/tr>\n<tr class=\"row-17\">\n\t<td class=\"column-1\">Sportleiter<\/td><td class=\"column-2\">n.N<\/td>\n<\/tr>\n<tr class=\"row-18\">\n\t<td class=\"column-1\"><strong>2020 - 2021<\/strong><\/td><td class=\"column-2\"><\/td>\n<\/tr>\n<tr class=\"row-19\">\n\t<td class=\"column-1\">1. Vorsitzender<\/td><td class=\"column-2\">Christian Dawideit<\/td>\n<\/tr>\n<tr class=\"row-20\">\n\t<td class=\"column-1\">2. Vorsitzender<\/td><td class=\"column-2\">Sergio Lai<\/td>\n<\/tr>\n<tr class=\"row-21\">\n\t<td class=\"column-1\">Schriftf\u00fchrerin<\/td><td class=\"column-2\">Thomas K\u00f6niger<\/td>\n<\/tr>\n<tr class=\"row-22\">\n\t<td class=\"column-1\">Kassierer<\/td><td class=\"column-2\">Frank Langner<\/td>\n<\/tr>\n<tr class=\"row-23\">\n\t<td class=\"column-1\">Sportleiter<\/td><td class=\"column-2\">Boris Kunze (kommisarisch)<\/td>\n<\/tr>\n<tr class=\"row-24\">\n\t<td class=\"column-1\"><strong>2018 - 2020<\/strong><\/td><td class=\"column-2\"><\/td>\n<\/tr>\n<tr class=\"row-25\">\n\t<td class=\"column-1\">1. Vorsitzender<\/td><td class=\"column-2\">Christian Dawideit<\/td>\n<\/tr>\n<tr class=\"row-26\">\n\t<td class=\"column-1\">2. Vorsitzender<\/td><td class=\"column-2\">Sergio Lai<\/td>\n<\/tr>\n<tr class=\"row-27\">\n\t<td class=\"column-1\">Schriftf\u00fchrerin<\/td><td class=\"column-2\">Nicole Lai<\/td>\n<\/tr>\n<tr class=\"row-28\">\n\t<td class=\"column-1\">Kassierer<\/td><td class=\"column-2\">Frank Langner<\/td>\n<\/tr>\n<tr class=\"row-29\">\n\t<td class=\"column-1\">Sportleiter<\/td><td class=\"column-2\">Peter Maneke<\/td>\n<\/tr>\n<tr class=\"row-30\">\n\t<td class=\"column-1\"><strong>2015 - 2018<\/strong><\/td><td class=\"column-2\"><\/td>\n<\/tr>\n<tr class=\"row-31\">\n\t<td class=\"column-1\">1. Vorsitzender<\/td><td class=\"column-2\">Christian Dawideit<\/td>\n<\/tr>\n<tr class=\"row-32\">\n\t<td class=\"column-1\">2. Vorsitzender<\/td><td class=\"column-2\">Sergio Lai<\/td>\n<\/tr>\n<tr class=\"row-33\">\n\t<td class=\"column-1\">Schriftf\u00fchrerin<\/td><td class=\"column-2\">Nicole Lai<\/td>\n<\/tr>\n<tr class=\"row-34\">\n\t<td class=\"column-1\">Kassierer<\/td><td class=\"column-2\">Carsten Hermes<\/td>\n<\/tr>\n<tr class=\"row-35\">\n\t<td class=\"column-1\">Sportleiter<\/td><td class=\"column-2\">Peter Maneke (von 2015 bis 2016 kommissarisch)<\/td>\n<\/tr>\n<tr class=\"row-36\">\n\t<td class=\"column-1\"><strong>Seit 09\/2013 - 2015<\/strong><\/td><td class=\"column-2\"><\/td>\n<\/tr>\n<tr class=\"row-37\">\n\t<td class=\"column-1\">1. Vorsitzender<\/td><td class=\"column-2\">nicht besetzt<\/td>\n<\/tr>\n<tr class=\"row-38\">\n\t<td class=\"column-1\">2. Vorsitzender<\/td><td class=\"column-2\">Sergio Lai<\/td>\n<\/tr>\n<tr class=\"row-39\">\n\t<td class=\"column-1\">Schriftf\u00fchrerin<\/td><td class=\"column-2\">Nicole Lai<\/td>\n<\/tr>\n<tr class=\"row-40\">\n\t<td class=\"column-1\">Kassierer<\/td><td class=\"column-2\">Carsten Hermes<\/td>\n<\/tr>\n<tr class=\"row-41\">\n\t<td class=\"column-1\">Sportleiter<\/td><td class=\"column-2\">Christian Dawideit<\/td>\n<\/tr>\n<tr class=\"row-42\">\n\t<td class=\"column-1\"><strong>2012 - 08\/2013<\/strong><\/td><td class=\"column-2\"><\/td>\n<\/tr>\n<tr class=\"row-43\">\n\t<td class=\"column-1\">1. Vorsitzender<\/td><td class=\"column-2\">Wolfgang Thomas<\/td>\n<\/tr>\n<tr class=\"row-44\">\n\t<td class=\"column-1\">2. Vorsitzender<\/td><td class=\"column-2\">Sergio Lai<\/td>\n<\/tr>\n<tr class=\"row-45\">\n\t<td class=\"column-1\">Schriftf\u00fchrerin<\/td><td class=\"column-2\">Nicole Lai<\/td>\n<\/tr>\n<tr class=\"row-46\">\n\t<td class=\"column-1\">Kassierer<\/td><td class=\"column-2\">Carsten Hermes<\/td>\n<\/tr>\n<tr class=\"row-47\">\n\t<td class=\"column-1\">Sportleiter<\/td><td class=\"column-2\">Christian Dawideit<\/td>\n<\/tr>\n<tr class=\"row-48\">\n\t<td class=\"column-1\"><strong>2010 - 2012<\/strong><\/td><td class=\"column-2\"><\/td>\n<\/tr>\n<tr class=\"row-49\">\n\t<td class=\"column-1\">1. Vorsitzender<\/td><td class=\"column-2\">Hubert Felis<\/td>\n<\/tr>\n<tr class=\"row-50\">\n\t<td class=\"column-1\">2. Vorsitzender<\/td><td class=\"column-2\">Wolfgang Thomas<\/td>\n<\/tr>\n<tr class=\"row-51\">\n\t<td class=\"column-1\">Schriftf\u00fchrerin<\/td><td class=\"column-2\">Nicole Lai<br \/>\n(von Juni 2010 bis M\u00e4rz 2011 kommissarisch)<\/td>\n<\/tr>\n<tr class=\"row-52\">\n\t<td class=\"column-1\">Kassierer<\/td><td class=\"column-2\">Carsten Hermes<\/td>\n<\/tr>\n<tr class=\"row-53\">\n\t<td class=\"column-1\">Sportleiter<\/td><td class=\"column-2\">Christian Dawideit<\/td>\n<\/tr>\n<tr class=\"row-54\">\n\t<td class=\"column-1\"><strong>2009 - 2010<\/strong><\/td><td class=\"column-2\"><\/td>\n<\/tr>\n<tr class=\"row-55\">\n\t<td class=\"column-1\">1. Vorsitzender<\/td><td class=\"column-2\">Hubert Felis<\/td>\n<\/tr>\n<tr class=\"row-56\">\n\t<td class=\"column-1\">2. Vorsitzender<\/td><td class=\"column-2\">Heinrich Willf\u00fchr<\/td>\n<\/tr>\n<tr class=\"row-57\">\n\t<td class=\"column-1\">Schriftf\u00fchrer<\/td><td class=\"column-2\">Christian Dawideit<\/td>\n<\/tr>\n<tr class=\"row-58\">\n\t<td class=\"column-1\">Kassierer<\/td><td class=\"column-2\">Carsten Hermes<\/td>\n<\/tr>\n<tr class=\"row-59\">\n\t<td class=\"column-1\">Sportleiter<\/td><td class=\"column-2\">Uwe Busch<\/td>\n<\/tr>\n<tr class=\"row-60\">\n\t<td class=\"column-1\"><strong>2008 - 2009<\/strong><\/td><td class=\"column-2\"><\/td>\n<\/tr>\n<tr class=\"row-61\">\n\t<td class=\"column-1\">1. Vorsitzender<\/td><td class=\"column-2\">Hubert Felis<\/td>\n<\/tr>\n<tr class=\"row-62\">\n\t<td class=\"column-1\">2. Vorsitzender<\/td><td class=\"column-2\">Heinrich Willf\u00fchr<\/td>\n<\/tr>\n<tr class=\"row-63\">\n\t<td class=\"column-1\">Schriftf\u00fchrer<\/td><td class=\"column-2\">Christian Dawideit<\/td>\n<\/tr>\n<tr class=\"row-64\">\n\t<td class=\"column-1\">Kassierer<\/td><td class=\"column-2\">Carsten Hermes<\/td>\n<\/tr>\n<tr class=\"row-65\">\n\t<td class=\"column-1\">Sportleiter<\/td><td class=\"column-2\">Christian Kaiser<\/td>\n<\/tr>\n<tr class=\"row-66\">\n\t<td class=\"column-1\"><strong>2004 - 2008<\/strong><\/td><td class=\"column-2\"><\/td>\n<\/tr>\n<tr class=\"row-67\">\n\t<td class=\"column-1\">1. Vorsitzender<\/td><td class=\"column-2\">Hubert Felis<\/td>\n<\/tr>\n<tr class=\"row-68\">\n\t<td class=\"column-1\">2. Vorsitzender<\/td><td class=\"column-2\">Heinrich Willf\u00fchr<\/td>\n<\/tr>\n<tr class=\"row-69\">\n\t<td class=\"column-1\">Schriftf\u00fchrer<\/td><td class=\"column-2\">Peter Jessberger<\/td>\n<\/tr>\n<tr class=\"row-70\">\n\t<td class=\"column-1\">Kassierer<\/td><td class=\"column-2\">Carsten Hermes<\/td>\n<\/tr>\n<tr class=\"row-71\">\n\t<td class=\"column-1\">Sportleiter<\/td><td class=\"column-2\">Christian Kaiser<\/td>\n<\/tr>\n<tr class=\"row-72\">\n\t<td class=\"column-1\"><strong>2002 - 2004<\/strong><\/td><td class=\"column-2\"><\/td>\n<\/tr>\n<tr class=\"row-73\">\n\t<td class=\"column-1\">1. Vorsitzender<\/td><td class=\"column-2\">Hubert Felis<\/td>\n<\/tr>\n<tr class=\"row-74\">\n\t<td class=\"column-1\">2. Vorsitzender<\/td><td class=\"column-2\">Heinrich Willf\u00fchr<\/td>\n<\/tr>\n<tr class=\"row-75\">\n\t<td class=\"column-1\">Schriftf\u00fchrer<\/td><td class=\"column-2\">Gisela Bumert<\/td>\n<\/tr>\n<tr class=\"row-76\">\n\t<td class=\"column-1\">Kassierer<\/td><td class=\"column-2\">Carsten Hermes<\/td>\n<\/tr>\n<tr class=\"row-77\">\n\t<td class=\"column-1\">Sportleiter<\/td><td class=\"column-2\">Torben Heinze<\/td>\n<\/tr>\n<tr class=\"row-78\">\n\t<td class=\"column-1\"><strong>2001 - 2002<\/strong><\/td><td class=\"column-2\"><\/td>\n<\/tr>\n<tr class=\"row-79\">\n\t<td class=\"column-1\">1. Vorsitzender<\/td><td class=\"column-2\">Hubert Felis<\/td>\n<\/tr>\n<tr class=\"row-80\">\n\t<td class=\"column-1\">2. Vorsitzender<\/td><td class=\"column-2\">Heinrich Willf\u00fchr<\/td>\n<\/tr>\n<tr class=\"row-81\">\n\t<td class=\"column-1\">Schriftf\u00fchrer<\/td><td class=\"column-2\">Gisela Baumert<\/td>\n<\/tr>\n<tr class=\"row-82\">\n\t<td class=\"column-1\">Kassierer<\/td><td class=\"column-2\">Carsten Hermes<\/td>\n<\/tr>\n<tr class=\"row-83\">\n\t<td class=\"column-1\">Sportleiter<\/td><td class=\"column-2\">F.W. Habenicht<\/td>\n<\/tr>\n<tr class=\"row-84\">\n\t<td class=\"column-1\"><strong>1997 - 2001<\/strong><\/td><td class=\"column-2\"><\/td>\n<\/tr>\n<tr class=\"row-85\">\n\t<td class=\"column-1\">1. Vorsitzender<\/td><td class=\"column-2\">Karl Gremmel jun.<\/td>\n<\/tr>\n<tr class=\"row-86\">\n\t<td class=\"column-1\">2. Vorsitzender<\/td><td class=\"column-2\">Heinrich Willf\u00fchr<\/td>\n<\/tr>\n<tr class=\"row-87\">\n\t<td class=\"column-1\">Schriftf\u00fchrerin<\/td><td class=\"column-2\">Gisela Baumert<\/td>\n<\/tr>\n<tr class=\"row-88\">\n\t<td class=\"column-1\">Kassierer<\/td><td class=\"column-2\">Hansgeorg Brandt<\/td>\n<\/tr>\n<tr class=\"row-89\">\n\t<td class=\"column-1\">Sportleiter<\/td><td class=\"column-2\">F.W. Habenicht<\/td>\n<\/tr>\n<tr class=\"row-90\">\n\t<td class=\"column-1\"><strong>1990 - 1997<\/strong><\/td><td class=\"column-2\"><\/td>\n<\/tr>\n<tr class=\"row-91\">\n\t<td class=\"column-1\">1. Vorsitzender<\/td><td class=\"column-2\">Wilhelm Paland<\/td>\n<\/tr>\n<tr class=\"row-92\">\n\t<td class=\"column-1\">2. Vorsitzender<\/td><td class=\"column-2\">Heinrich Willf\u00fchr<\/td>\n<\/tr>\n<tr class=\"row-93\">\n\t<td class=\"column-1\">Schriftf\u00fchrerin<\/td><td class=\"column-2\">Gisela Baumert<\/td>\n<\/tr>\n<tr class=\"row-94\">\n\t<td class=\"column-1\">Kassierer<\/td><td class=\"column-2\">Hansgeorg Brandt<\/td>\n<\/tr>\n<tr class=\"row-95\">\n\t<td class=\"column-1\">Sportleiter<\/td><td class=\"column-2\">Heinrich Schaper<\/td>\n<\/tr>\n<tr class=\"row-96\">\n\t<td class=\"column-1\"><strong>1981 - 1990<\/strong><\/td><td class=\"column-2\"><\/td>\n<\/tr>\n<tr class=\"row-97\">\n\t<td class=\"column-1\">1. Vorsitzender<\/td><td class=\"column-2\">Karl Gremmel jun.<\/td>\n<\/tr>\n<tr class=\"row-98\">\n\t<td class=\"column-1\">2. Vorsitzender<\/td><td class=\"column-2\">Wilhelm Paland<\/td>\n<\/tr>\n<tr class=\"row-99\">\n\t<td class=\"column-1\">Schriftf\u00fchrer<\/td><td class=\"column-2\">Heinrich Schaper<\/td>\n<\/tr>\n<tr class=\"row-100\">\n\t<td class=\"column-1\">1. Kassierer<\/td><td class=\"column-2\">Horst Schulz<\/td>\n<\/tr>\n<tr class=\"row-101\">\n\t<td class=\"column-1\"><strong>1980 - 1981<\/strong><\/td><td class=\"column-2\"><\/td>\n<\/tr>\n<tr class=\"row-102\">\n\t<td class=\"column-1\">1. Vorsitzender<\/td><td class=\"column-2\">August Busse<\/td>\n<\/tr>\n<tr class=\"row-103\">\n\t<td class=\"column-1\">2. Vorsitzender<\/td><td class=\"column-2\">Karl Gremmel jun.<\/td>\n<\/tr>\n<tr class=\"row-104\">\n\t<td class=\"column-1\">1. Kassierer<\/td><td class=\"column-2\">Walter Malecha<\/td>\n<\/tr>\n<tr class=\"row-105\">\n\t<td class=\"column-1\">Schriftf\u00fchrer<\/td><td class=\"column-2\">August Wohlgemuth jun.<\/td>\n<\/tr>\n<tr class=\"row-106\">\n\t<td class=\"column-1\"><strong>1954 - 1980<\/strong><\/td><td class=\"column-2\"><\/td>\n<\/tr>\n<tr class=\"row-107\">\n\t<td class=\"column-1\">1. Vorsitzender<\/td><td class=\"column-2\">Karl Gremmel<\/td>\n<\/tr>\n<tr class=\"row-108\">\n\t<td class=\"column-1\">2. Vorsitzender<\/td><td class=\"column-2\">August Busse<\/td>\n<\/tr>\n<tr class=\"row-109\">\n\t<td class=\"column-1\">1. Kassierer<\/td><td class=\"column-2\">Walter Malecha<\/td>\n<\/tr>\n<tr class=\"row-110\">\n\t<td class=\"column-1\">Schriftf\u00fchrer<\/td><td class=\"column-2\">August Wohlgemuth jun.<\/td>\n<\/tr>\n<tr class=\"row-111\">\n\t<td class=\"column-1\"><strong>1933 - 1954<\/strong><\/td><td class=\"column-2\"><\/td>\n<\/tr>\n<tr class=\"row-112\">\n\t<td class=\"column-1\">1. Vorsitzender<\/td><td class=\"column-2\">Louis Schwedhelm<\/td>\n<\/tr>\n<tr class=\"row-113\">\n\t<td class=\"column-1\">2. Vorsitzender<\/td><td class=\"column-2\">Josef Bernkopf<\/td>\n<\/tr>\n<tr class=\"row-114\">\n\t<td class=\"column-1\">1. Kassierer<\/td><td class=\"column-2\">Adolf Malecha<\/td>\n<\/tr>\n<tr class=\"row-115\">\n\t<td class=\"column-1\">Schriftf\u00fchrer<\/td><td class=\"column-2\">August B\u00e4hre<\/td>\n<\/tr>\n<tr class=\"row-116\">\n\t<td class=\"column-1\">1. Sportwart<\/td><td class=\"column-2\">Heinrich Baxmann<\/td>\n<\/tr>\n<tr class=\"row-117\">\n\t<td class=\"column-1\"><strong>Gr\u00fcndungsvorstand bis 1933<\/strong><\/td><td class=\"column-2\"><\/td>\n<\/tr>\n<tr class=\"row-118\">\n\t<td class=\"column-1\">1. Vorsitzender<\/td><td class=\"column-2\">Otto Kuhrmeyer<\/td>\n<\/tr>\n<tr class=\"row-119\">\n\t<td class=\"column-1\">2. Vorsitzender<\/td><td class=\"column-2\">Josef Bernkopf<\/td>\n<\/tr>\n<tr class=\"row-120\">\n\t<td class=\"column-1\">1. Kassierer<\/td><td class=\"column-2\">Ernst Engelhard<\/td>\n<\/tr>\n<tr class=\"row-121\">\n\t<td class=\"column-1\">1. Schriftf\u00fchrer<\/td><td class=\"column-2\">August B\u00e4hre<\/td>\n<\/tr>\n<tr class=\"row-122\">\n\t<td class=\"column-1\">Schie\u00dfobmann<\/td><td class=\"column-2\">Werner Seelberger<\/td>\n<\/tr>\n<\/tbody>\n<\/table>\n<!-- #tablepress-6 from cache -->\n","protected":false},"excerpt":{"rendered":"<p>Hier finden Sie eine Liste unserer Vorst\u00e4nde. Der aktuelle Vorstand besteht seit Dezember 2025 aus folgenden Mitgliedern: Gesch\u00e4ftsf\u00fchrende Vorstand (\u00a726 BGB) 1. Vorsitzender: Peter Maneke 2. Vorsitzender: Marion Krug Schriftf\u00fchrer: Thomas K\u00f6niger Kassierer: Florian Rudolph Sportleiter: Ingo Jahnke Erweiterte Vorstand&#8230;<br \/><a class=\"read-more-button\" href=\"https:\/\/www.sv-gleidingen.de\/?page_id=45\">Mehr Lesen<\/a><\/p>\n","protected":false},"author":1,"featured_media":0,"parent":25,"menu_order":2,"comment_status":"closed","ping_status":"closed","template":"","meta":{"footnotes":""},"class_list":["post-45","page","type-page","status-publish","hentry"],"_links":{"self":[{"href":"https:\/\/www.sv-gleidingen.de\/index.php?rest_route=\/wp\/v2\/pages\/45","targetHints":{"allow":["GET"]}}],"collection":[{"href":"https:\/\/www.sv-gleidingen.de\/index.php?rest_route=\/wp\/v2\/pages"}],"about":[{"href":"https:\/\/www.sv-gleidingen.de\/index.php?rest_route=\/wp\/v2\/types\/page"}],"author":[{"embeddable":true,"href":"https:\/\/www.sv-gleidingen.de\/index.php?rest_route=\/wp\/v2\/users\/1"}],"replies":[{"embeddable":true,"href":"https:\/\/www.sv-gleidingen.de\/index.php?rest_route=%2Fwp%2Fv2%2Fcomments&post=45"}],"version-history":[{"count":14,"href":"https:\/\/www.sv-gleidingen.de\/index.php?rest_route=\/wp\/v2\/pages\/45\/revisions"}],"predecessor-version":[{"id":1901,"href":"https:\/\/www.sv-gleidingen.de\/index.php?rest_route=\/wp\/v2\/pages\/45\/revisions\/1901"}],"up":[{"embeddable":true,"href":"https:\/\/www.sv-gleidingen.de\/index.php?rest_route=\/wp\/v2\/pages\/25"}],"wp:attachment":[{"href":"https:\/\/www.sv-gleidingen.de\/index.php?rest_route=%2Fwp%2Fv2%2Fmedia&parent=45"}],"curies":[{"name":"wp","href":"https:\/\/api.w.org\/{rel}","templated":true}]}}